-8)?
-11
Let v(b) = -b**2 + 13*b - 3. Calculate v(14).
-17
Let u(d) = d**2 + 14*d + 19. What is u(-14)?
19
Let j(w) = w**2 - 4*w + 9. Give j(4).
9
Let w(q) = -q**3 + 9*q**2 + 9*q + 13. What is w(10)?
3
Let j(h) = -h**3 - 9*h**2 + 8*h - 20. Give j(-10).
0
Let d(f) = 2*f**2 + 5*f - 7. What is d(4)?
45
Let w(r) = r**3 - 6*r**2 + 7*r - 35. Give w(6).
7
Let m(g) = g**3 + 12*g**2 - 12*g + 32. What is m(-13)?
19
Let r(a) = -a**2 - 15*a - 41. Calculate r(-18).
-95
Let i(y) = 4*y**2 - 2*y + 1. Calculate i(-2).
21
Let w(s) = -s**2 - 16*s - 53. Give w(-6).
7
Let o(r) = r**3 + 9*r**2 + r + 13. Determine o(-9).
4
Let p(g) = -3*g**2 + 3*g - 11. Calculate p(3).
-29
Let r(n) = 8*n**2 + 23*n - 2. What is r(-3)?
1
Let d(f) = 33*f + 78. Calculate d(-3).
-21
Let b(v) = v**2 + 5*v + 5. Determine b(3).
29
Let h(b) = b**3 - 17*b**2 + 20*b - 71. What is h(16)?
-7
Let d(f) = f**3 + 3*f**2 - 29*f - 9. Determine d(-7).
-2
Let w(p) = p + 19. Determine w(-9).
10
Let v(s) = s**3 + 7*s**2 + 6*s. Give v(-4).
24
Let o(m) = 6*m**2 - 4. Calculate o(-2).
20
Let n(t) = -14*t + 117. What is n(8)?
5
Let f(o) = -o**2 + 19*o - 11. Calculate f(14).
59
Let n(f) = f**2 + 16*f + 9. Determine n(-6).
-51
Let r(o) = -8*o + 417. Determine r(52).
1
Let o(m) = -5*m**2 - 8*m + 2. Determine o(-2).
-2
Let u(l) = 119*l - 362. Give u(3).
-5
Let a(b) = b**2 - b. Give a(-6).
42
Let g(s) = s**2 - 7*s - 12. What is g(8)?
-4
Let h(l) = -2*l**2 - 13*l - 17. Determine h(-4).
3
Let h(q) = -q**2 - 14*q + 12. Give h(-8).
60
Let z(j) = -9*j - 27. Calculate z(-11).
72
Let o(l) = l**3 + 19*l**2 - 92*l + 7. Calculate o(-23).
7
Let d(f) = -f. Determine d(-5).
5
Let a(x) = x**2 - x - 24. Determine a(0).
-24
Let g(c) = -3*c**3 + 2*c**2 - 2*c + 3. Calculate g(2).
-17
Let a(o) = o**2 + o - 7. Give a(-6).
23
Let s(j) = j**3 + 10*j**2 - 3*j + 17. What is s(-10)?
47
Let q(r) = -r**3 - 10*r**2 - 14*r + 10. Determine q(-8).
-6
Let o(d) = -d**3 + 6*d**2 - 6*d + 5. Determine o(5).
0
Let l(k) = k**3 - 16*k**2 + 10*k + 36. Determine l(15).
-39
Let c(a) = -14*a**3 - 3*a**2 - a + 1. Give c(-1).
13
Let q(j) = -5*j + 6. What is q(4)?
-14
Let p(z) = -z**2 - 2*z + 6. Give p(-6).
-18
Let l(g) = g**2 + 9*g + 9. What is l(-6)?
-9
Let v(r) = r**3 + 3*r**2 + 6*r + 11. Calculate v(-3).
-7
Let v(g) = g**3 + 3*g**2 - 17*g + 2. What is v(-5)?
37
Let x(u) = -4*u + 52. Determine x(8).
20
Let o(s) = s**3 - 14*s**2 + 12*s + 15. What is o(13)?
2
Let g(o) = -o**2 - 7*o + 8. What is g(-4)?
20
Let x(f) = 9*f - 2. What is x(3)?
25
Let w(r) = -12*r - 15. Calculate w(-10).
105
Let w(o) = o**3 - 3*o**2 - 12*o + 6. Give w(5).
-4
Let u(p) = 5*p + 9. What is u(7)?
44
Let g(o) = -2*o**3 - 4*o**2 - 2*o + 5. Give g(1).
-3
Let q(r) = -r**2 - 12*r + 2. Determine q(-14).
-26
Let w(p) = p**2 + 4*p - 7. What is w(-9)?
38
Let f(k) = 12*k + 13. Determine f(-7).
-71
Let y(s) = -s**3 + 3*s**2 - 5*s + 3. Calculate y(2).
-3
Let q(j) = -4*j**2 - 18*j - 10. Calculate q(-4).
-2
Let d(r) = 5*r**2 + 3*r + 2. Determine d(-1).
4
Let v(u) = u**3 - 6*u**2 + 7*u + 14. Calculate v(3).
8
Let b(r) = -r**2 + 28*r - 13. What is b(6)?
119
Let r(f) = 2*f**3 + 3*f**2 - 2*f + 1. Calculate r(3).
76
Let l(g) = 3*g**2 - 28*g + 26. What is l(8)?
-6
Let q(j) = -j**2 - 13*j - 7. Calculate q(-14).
-21
Let t(s) = 2*s**2 - 2*s. Determine t(2).
4
Let f(p) = p**3 + 9*p**2 + 13*p - 32. Calculate f(-6).
-2
Let y(h) = -12*h - 1. Give y(2).
-25
Let u(p) = p**2 - 21*p + 7. Determine u(10).
-103
Let a(h) = -h**2 - 12*h - 14. Give a(-11).
-3
Let w(v) = 49*v + 41. Calculate w(-1).
-8
Let m(l) = 46*l**3 - 4*l**2 + 3*l. What is m(1)?
45
Let r(d) = 2*d**3 + 8*d**2 - 11*d - 7. Calculate r(-5).
-2
Let i(o) = 4*o**2 - 40*o + 40. What is i(9)?
4
Let s(a) = -a - 33. Give s(-22).
-11
Let l(c) = 7*c - 81. Determine l(13).
10
Let x(f) = -f**2 + 18*f + 22. Determine x(19).
3
Let i(q) = -q**3 + 5*q**2 - 4*q + 2. Calculate i(3).
8
Let o(j) = 7*j**3 + 4*j - 5. What is o(1)?
6
Let o(v) = v**2 - v - 4. Determine o(-4).
16
Let x(r) = -r + 20. Give x(10).
10
Let t(f) = -10*f - 9. Give t(-1).
1
Let z(l) = -l + 1. Give z(9).
-8
Let x(h) = h**2 + 23*h + 5. Calculate x(-23).
5
Let d(y) = -2*y**2 + 4. What is d(2)?
-4
Let f(o) = o**3 + 4*o**2 - 12*o - 46. What is f(-4)?
2
Let i(k) = -47*k**3 - 2*k**2 - 3*k - 2. Give i(-1).
46
Let x(i) = -i**3 - 9*i**2 - 5*i + 14. Give x(-8).
-10
Let r(a) = a**2 + 3*a - 3. Calculate r(2).
7
Let d(y) = 6*y - 102. Calculate d(20).
18
Let u(s) = -s**2 + 2*s + 2. Determine u(3).
-1
Let g(s) = s**3 + 15*s**2 - s - 4. Determine g(-15).
11
Let f(i) = i**3 - 6*i**2 + 2*i - 1. What is f(4)?
-25
Let f(b) = -b**2 + 4*b + 4. Determine f(4).
4
Let a(k) = -2*k**2 + 10*k + 9. Determine a(6).
-3
Let w(u) = u**2 - 11*u - 35. Determine w(14).
7
Let u(w) = w**3 + 15*w**2 + 18*w + 7. Determine u(-14).
-49
Let a(s) = s**3 - 7*s**2 + 3*s - 22. Give a(7).
-1
Let i(c) = -7*c + 30. Give i(3).
9
Let f(w) = 2*w - 26. Give f(19).
12
Let c(i) = 13*i + 13. Give c(-5).
-52
Let v(t) = -t**3 + 8*t**2 + 20*t - 22. Determine v(10).
-22
Let x(w) = w**2 - 7*w - 23. What is x(8)?
-15
Let w(x) = -x**3 - 18*x**2 + 23*x - 25. Give w(-19).
-101
Let j(r) = -21*r + 129. Give j(6).
3
Let u(b) = b**2 + 10*b - 1. What is u(-11)?
10
Let n(j) = -2*j**2 - 53*j - 155. Calculate n(-23).
6
Let q(w) = w + 17. What is q(-9)?
8
Let a(l) = l**3 + 9*l**2 + 3*l + 31. Give a(-9).
4
Let c(v) = 12*v**2 - 2. Determine c(-2).
46
Let r(z) = z - 15. Calculate r(14).
-1
Let q(o) = 11*o + 12. Calculate q(-3).
-21
Let v(b) = -8*b**3 + 3*b**2 - b + 1. Calculate v(2).
-53
Let z(d) = 29*d + 434. Give z(-15).
-1
Let k(g) = 4*g + 56. Give k(-15).
-4
Let t(u) = -u**2 - 4. Give t(-4).
-20
Let q(r) = -5*r**2 - 4*r + 10. Determine q(4).
-86
Let u(q) = -15*q**2 - 39*q - 38. Give u(-1).
-14
Let k(g) = 4*g - 1. What is k(1)?
3
Let m(y) = -13*y + 144. Determine m(5).
79
Let p(b) = -b**3 - 5*b**2 + 3*b - 14. Give p(-6).
4
Let b(s) = -s**2 + 12*s - 9. Calculate b(12).
-9
Let d(q) = -q**2 + 4*q - 5. Determine d(5).
-10
Let j(d) = -37*d**2 + 186*d - 3. Determine j(5).
2
Let a(c) = c - 38. Calculate a(0).
-38
Let f(g) = g**2 - 3*g - 58. What is f(9)?
-4
Let c(h) = 4*h + 39. Determine c(-10).
-1
Let k(s) = -16*s**2. Give k(-1).
-16
Let v(r) = r**3 + 3*r**2 - 20*r - 9. Calculate v(6).
195
Let k(l) = 13*l - 100. Determine k(8).
4
Let w(c) = -c**3 + 2*c**2 + 3*c - 7. Determine w(3).
-7
Let n(y) = y**3 + 12*y**2 + 9*y - 16. Give n(-11).
6
Let y(g) = 2*g - 12. Give y(0).
-12
Let k(r) = 20*r + 19. Determine k(-5).
-81
Let o(j) = -26*j - 277. Calculate o(-11).
9
Let h(j) = 14*j + 67. Determine h(-5).
-3
Let r(l) = -13*l**2 + l - 2. What is r(-2)?
-56
Let f(h) = 38*h + 724. What is f(-19)?
2
Let r(o) = 2*o**3 - o**2 - 4*o + 3. Calculate r(3).
36
Let l(h) = 17*h - 768. Determine l(45).
-3
Let k(w) = -w**3 - 10*w**2 - 2*w - 22. Give k(-10).
-2
Let k(u) = -3*u - 45. Calculate k(-19).
12
Let d(o) = o**3 + 9*o**2 - 14*o - 35. Give d(-10).
5
Let i(c) = -c**2 - 4*c + 6. What is i(-7)?
-15
Let i(c) = 72*c + 57. What is i(-2)?
-87
Let q(s) = s - 5. Determine q(9).
4
Let i(d) = 5*d - 111. Calculate i(23).
4
Let b(p) = -p**2 + 10*p - 2. What is b(3)?
19
Let d(c) = 64*c - 773. Give d(12).
-5
Let o(c) = -c**2 - 1. Give o(3).
-10
Let j(z) = 6*z + 9. Give j(5).
39
Let b(r) = r**2 - 12*r - 3. Determine b(9).
-30
Let o(t) = t + 26. What is o(-25)?
1
Let l(v) = -v**2 + 7*v - 3. Determine l(4).
9
Let w(c) = c**2 + 3*c + 2. Give w(-6).
20
Let w(x) = -x**3 - 2*x**2 + 4*x + 4. Determine w(-3).
1
Let s(l) = 2*l**3 + 2*l**2 + 2*l + 1. Determine s(-1).
-1
Let a(m) = m**3 + 23*m**2 + m + 49. Determine a(-23).
26
Let q(b) = b**2 + 25*b + 30. Calculate q(-16).
-114
Let u(z) = 11*z**2 - 2*z + 5. Calculate u(2).
45
Let h(t) = -13*t**2 + 2*t. What is h(1)?
-11
Let p(k) = 29*k**2 - 30*k + 1. Calculate p(1).
0
Let b(w) = w**2 - 5*w - 5. Calculate b(8).
19
Let m(k) = 9*k - 58. What is m(18)?
104
Let s(u) = 2*u - 13. Calculate s(-4).
-21
Let d(s) = s**3 - 15*s**2 - 14*s - 30. Calculate d(16).
2
Let k(o) = -o - 3. Give k(10).
-13
Let m(t) = -t**2 - 5*t + 19. What is m(-8)?
-5
Let q(n) = 6*n - 9. Determine q(3).
9
Let i(r) = 3*r - 3. Determine i(-4).
-15
Let h(f) = 4*f + 49. Give h(-15).
-11
Let b(x) = x**3 + 10*x**2 - 7*x + 40. Calculate b(-11).
-4
Let m(s) = s**2 - 16. Determine m(3).
-7
Let w(f) = -3*f**3 + 40*f**2 - 15